{"id":30,"date":"2024-04-30T20:13:11","date_gmt":"2024-04-30T20:13:11","guid":{"rendered":"https:\/\/kiitospaiva.fi\/?page_id=30"},"modified":"2024-06-20T18:41:01","modified_gmt":"2024-06-20T18:41:01","slug":"blogi","status":"publish","type":"page","link":"https:\/\/kiitospaiva.fi\/index.php\/blogi\/","title":{"rendered":"Blogi"},"content":{"rendered":"\n<p>Ensimm\u00e4inen blogikirjoitus tulee t\u00e4h\u00e4n my\u00f6hemmin. <\/p>\n","protected":false},"excerpt":{"rendered":"<p>Ensimm\u00e4inen blogikirjoitus tulee t\u00e4h\u00e4n my\u00f6hemmin.<\/p>\n","protected":false},"author":2,"featured_media":116,"parent":0,"menu_order":0,"comment_status":"closed","ping_status":"closed","template":"","meta":{"footnotes":""},"class_list":["post-30","page","type-page","status-publish","has-post-thumbnail","hentry"],"_links":{"self":[{"href":"https:\/\/kiitospaiva.fi\/index.php\/wp-json\/wp\/v2\/pages\/30","targetHints":{"allow":["GET"]}}],"collection":[{"href":"https:\/\/kiitospaiva.fi\/index.php\/wp-json\/wp\/v2\/pages"}],"about":[{"href":"https:\/\/kiitospaiva.fi\/index.php\/wp-json\/wp\/v2\/types\/page"}],"author":[{"embeddable":true,"href":"https:\/\/kiitospaiva.fi\/index.php\/wp-json\/wp\/v2\/users\/2"}],"replies":[{"embeddable":true,"href":"https:\/\/kiitospaiva.fi\/index.php\/wp-json\/wp\/v2\/comments?post=30"}],"version-history":[{"count":3,"href":"https:\/\/kiitospaiva.fi\/index.php\/wp-json\/wp\/v2\/pages\/30\/revisions"}],"predecessor-version":[{"id":210,"href":"https:\/\/kiitospaiva.fi\/index.php\/wp-json\/wp\/v2\/pages\/30\/revisions\/210"}],"wp:featuredmedia":[{"embeddable":true,"href":"https:\/\/kiitospaiva.fi\/index.php\/wp-json\/wp\/v2\/media\/116"}],"wp:attachment":[{"href":"https:\/\/kiitospaiva.fi\/index.php\/wp-json\/wp\/v2\/media?parent=30"}],"curies":[{"name":"wp","href":"https:\/\/api.w.org\/{rel}","templated":true}]}}